me factors of 32805686.
2, 1019, 16097
List the prime factors of 2023086712.
2, 19, 1129, 11789
List the prime factors of 72312836.
2, 409, 44201
List the prime factors of 381921713.
381921713
What are the prime factors of 48041634?
2, 3, 8006939
What are the prime factors of 628455320?
2, 5, 17, 43, 21493
List the prime factors of 227716762.
2, 7, 13, 31, 40361
List the prime factors of 160643402.
2, 223, 360187
List the prime factors of 2114368428.
2, 3, 7393, 23833
What are the prime factors of 96600837?
3, 569, 56591
What are the prime factors of 11883005?
5, 613, 3877
What are the prime factors of 20773316?
2, 5193329
What are the prime factors of 4469039733?
3, 1489679911
What are the prime factors of 7012245?
3, 5, 17, 107, 257
What are the prime factors of 145228839?
3, 7, 29, 238471
List the prime factors of 376450111.
376450111
List the prime factors of 35459656.
2, 4432457
What are the prime factors of 2338582655?
5, 467716531
List the prime factors of 56743817.
13, 4364909
What are the prime factors of 1647738434?
2, 13291, 61987
What are the prime factors of 9904706?
2, 7, 43, 16453
What are the prime factors of 33570196?
2, 11, 762959
What are the prime factors of 856571?
856571
List the prime factors of 640293317.
640293317
List the prime factors of 59692085.
5, 241, 49537
List the prime factors of 542589957.
3, 7, 13, 283, 2341
What are the prime factors of 281204824?
2, 35150603
What are the prime factors of 501174752?
2, 13, 29, 41543
What are the prime factors of 75161505?
3, 5, 17, 294751
List the prime factors of 90408163.
8741, 10343
What are the prime factors of 42983745?
3, 5, 7, 409369
What are the prime factors of 384012654?
2, 3, 47, 379, 3593
List the prime factors of 521607942.
2, 3, 3907, 7417
What are the prime factors of 402665148?
2, 3, 61, 61121
What are the prime factors of 20375630?
2, 5, 11, 185233
What are the prime factors of 1585257799?
19, 3793, 21997
List the prime factors of 4167782874.
2, 3, 231543493
List the prime factors of 555323271.
3, 185107757
What are the prime factors of 874707749?
17, 31, 1659787
List the prime factors of 115142690.
2, 5, 13, 885713
What are the prime factors of 259653609?
3, 67, 430603
What are the prime factors of 65139604?
2, 3023, 5387
List the prime factors of 488301143.
11, 109, 407257
List the prime factors of 8327476.
2, 61, 34129
List the prime factors of 756219956.
2, 113, 1673053
List the prime factors of 848553800.
2, 5, 347, 12227
List the prime factors of 37567306.
2, 7, 59, 45481
List the prime factors of 17827766.
2, 11, 810353
What are the prime factors of 1831706523?
3, 109, 1867183
What are the prime factors of 35338324?
2, 7, 1262083
List the prime factors of 1681326627.
3, 560442209
List the prime factors of 612793866.
2, 3, 17, 101, 3499
What are the prime factors of 1620710982?
2, 3, 11, 19, 430811
What are the prime factors of 105360651?
3, 11, 347, 3067
List the prime factors of 844105163.
11, 76736833
List the prime factors of 23826803.
7, 11, 13, 1831
What are the prime factors of 24785007?
3, 13, 23, 27631
List the prime factors of 1200311875.
5, 7, 274357
What are the prime factors of 211048721?
13, 1248809
List the prime factors of 225750128.
2, 14109383
List the prime factors of 228921645.
3, 5, 23, 663541
What are the prime factors of 2902165969?
2902165969
What are the prime factors of 18450894?
2, 3, 7, 11, 39937
What are the prime factors of 2186347695?
3, 5, 7, 31, 359, 1871
What are the prime factors of 3046463250?
2, 3, 5, 4061951
What are the prime factors of 2079971763?
3, 7703, 90007
What are the prime factors of 27064421?
59, 458719
List the prime factors of 120187427.
1871, 64237
List the prime factors of 103037119.
17, 37, 163811
What are the prime factors of 47571166?
2, 197, 120739
List the prime factors of 3121908.
2, 3, 29, 8971
List the prime factors of 32934264.
2, 3, 11, 1031
List the prime factors of 332397306.
2, 3, 4177, 4421
What are the prime factors of 31230409?
7, 53, 84179
List the prime factors of 61872632.
2, 941, 8219
What are the prime factors of 984856114?
2, 11, 167, 181, 1481
What are the prime factors of 9568451125?
5, 76547609
List the prime factors of 37407425.
5, 11, 136027
List the prime factors of 26287347.
3, 8762449
What are the prime factors of 55651960?
2, 5, 7, 13, 15289
List the prime factors of 162587447.
11, 163, 90679
List the prime factors of 11840306.
2, 19, 53, 5879
What are the prime factors of 5219626984?
2, 11, 13, 31, 53, 2777
What are the prime factors of 176856314?
2, 71, 137, 9091
List the prime factors of 123678268.
2, 7, 23, 192047
List the prime factors of 41422820.
2, 5, 31, 71, 941
What are the prime factors of 344826496?
2, 7, 384851
List the prime factors of 801679014.
2, 3, 43, 1035761
List the prime factors of 85158683.
859, 99137
What are the prime factors of 43368650?
2, 5, 13, 66721
List the prime factors of 1506139477.
191, 7885547
List the prime factors of 65602040.
2, 5, 7, 234293
What are the prime factors of 869544962?
2, 11, 13, 25127
List the prime factors of 179046398.
2, 23, 229, 739
List the prime factors of 47599636.
2, 7, 19, 131, 683
What are the prime factors of 2117928169?
7, 3761, 80447
What are the prime factors of 1201611971?
7, 269, 419, 1523
List the prime factors of 1402718529.
3, 19, 71, 346607
List the prime factors of 3387809647.
3387809647
List the prime factors of 56447569.
1543, 36583
What are the prime factors of 88218332?
2, 2237, 9859
List the prime factors of 261205053.
3, 87068351
What are the prime factors of 835873475?
5, 23, 37, 101, 389
What are the prime factors of 37482186?
2, 3, 7, 892433
List the prime factors of 88530546.
2, 3, 13, 1135007
What are the prime factors of 60654853?
7, 8664979
List the prime factors of 16015512.
2, 3, 79, 8447
What are the prime factors of 450022924?
2, 13, 8654287
List the prime factors of 217631674.
2, 13, 53, 157933
What are the prime factors of 49477525?
5, 1979101
What are the prime factors of 5165857?
29, 53, 3361
List the prime factors of 2230606037.
11, 43, 131, 35999
What are the prime factors of 61884395?
5, 12376879
What are the prime factors of 40267319?
23, 97, 18049
List the prime factors of 17114594.
2, 7, 1222471
What are the prime factors of 3360840650?
2, 5, 19, 101, 35027
List the prime factors of 3153632519.
3153632519
List the prime factors of 2613723.
3, 7, 71, 1753
List the prime factors of 1563025668.
2, 3, 130252139
What are the prime factors of 5363060516?
2, 11, 17, 661, 10847
What are the prime factors of 1144708343?
17729, 64567
List the prime factors of 452543707.
7, 11, 37, 158843
List the prime factors of 592263679.
7, 379, 223243
What are the prime factors of 5364418438?
2, 9497, 282427
What are the prime factors of 194983175?
5, 7799327
What are the prime factors of 4279871231?
4279871231
List the prime factors of 1573822663.
7, 29, 31, 250091
List the prime factors of 254602941.
3, 84867647
What are the prime factors of 39331209?
3, 13110403
What are the prime factors of 366155173?
16943, 21611
List the prime factors of 577691739.
3, 17, 3775763
List the prime factors of 560098051.
383, 1462397
List the prime factors of 76606125.
3, 5, 67, 3049
What are the prime factors of 310330059?
3, 13, 19, 418799
What are the prime factors of 33235355?
5, 131, 50741
What are the prime factors of 3127087213?
1279, 2444947
List the prime factors of 91741417.
91741417
List the prime factors of 444910726.
2, 13, 19, 53, 16993
List the prime factors of 77695476.
2, 3, 6474623
List the prime factors of 442112650.
2, 5, 7, 1263179
What are the prime factors of 215898130?
2, 5, 7, 17, 419, 433
List the prime factors of 297755753.
71, 4193743
What are the prime factors of 130809850?
2, 5, 293, 8929
List the prime factors of 6543880.
2, 5, 7, 23371
What are the prime factors of 4138672170?
2, 3, 5, 43, 74611
List the prime factors of 348126532.
2, 13, 191, 35051
List the prime factors of 66749060.
2, 5, 7, 59, 8081
What are the prime factors of 1422050353?
227, 6264539
List the prime factors of 160098380.
2, 5, 13, 587, 1049
List the prime factors of 42288670.
2, 5, 29, 145823
What are the prime factors of 70930259?
29, 1549, 1579
What are the prime factors of 2122472455?
5, 424494491